of 553.
7, 79
What are the prime factors of 153655?
5, 79, 389
List the prime factors of 6584.
2, 823
List the prime factors of 224.
2, 7
What are the prime factors of 46513?
193, 241
List the prime factors of 22326.
2, 3, 61
List the prime factors of 9175.
5, 367
List the prime factors of 23076.
2, 3, 641
List the prime factors of 3137.
3137
List the prime factors of 18897.
3, 6299
What are the prime factors of 5150?
2, 5, 103
What are the prime factors of 685?
5, 137
What are the prime factors of 20036?
2, 5009
List the prime factors of 371.
7, 53
What are the prime factors of 2080?
2, 5, 13
What are the prime factors of 73493?
7, 10499
List the prime factors of 57761.
11, 59, 89
List the prime factors of 1174.
2, 587
List the prime factors of 122978.
2, 17, 3617
What are the prime factors of 553?
7, 79
List the prime factors of 22225.
5, 7, 127
What are the prime factors of 1993?
1993
What are the prime factors of 16525?
5, 661
What are the prime factors of 21530?
2, 5, 2153
List the prime factors of 18180.
2, 3, 5, 101
What are the prime factors of 1202?
2, 601
List the prime factors of 4894.
2, 2447
List the prime factors of 46724.
2, 11681
List the prime factors of 13223.
7, 1889
What are the prime factors of 8289?
3, 307
What are the prime factors of 3529?
3529
List the prime factors of 12863.
19, 677
What are the prime factors of 3857?
7, 19, 29
What are the prime factors of 26381?
23, 31, 37
List the prime factors of 47246.
2, 23623
List the prime factors of 2664.
2, 3, 37
List the prime factors of 28660.
2, 5, 1433
List the prime factors of 9799.
41, 239
List the prime factors of 3196.
2, 17, 47
What are the prime factors of 1513?
17, 89
What are the prime factors of 10545?
3, 5, 19, 37
What are the prime factors of 24925?
5, 997
List the prime factors of 3797.
3797
What are the prime factors of 328?
2, 41
What are the prime factors of 16667?
7, 2381
List the prime factors of 2774.
2, 19, 73
What are the prime factors of 1522?
2, 761
What are the prime factors of 6775?
5, 271
List the prime factors of 12503.
12503
What are the prime factors of 1373?
1373
What are the prime factors of 174?
2, 3, 29
List the prime factors of 2443.
7, 349
List the prime factors of 4466.
2, 7, 11, 29
What are the prime factors of 8680?
2, 5, 7, 31
What are the prime factors of 105874?
2, 52937
List the prime factors of 134139.
3, 61, 733
What are the prime factors of 3438?
2, 3, 191
List the prime factors of 2838.
2, 3, 11, 43
List the prime factors of 6436.
2, 1609
What are the prime factors of 6557?
79, 83
List the prime factors of 67.
67
What are the prime factors of 1619?
1619
What are the prime factors of 94464?
2, 3, 41
What are the prime factors of 3272?
2, 409
What are the prime factors of 5164?
2, 1291
List the prime factors of 2451.
3, 19, 43
List the prime factors of 37726.
2, 13, 1451
List the prime factors of 33585.
3, 5, 2239
What are the prime factors of 55950?
2, 3, 5, 373
What are the prime factors of 2503?
2503
List the prime factors of 96889.
13, 29, 257
List the prime factors of 636.
2, 3, 53
List the prime factors of 11428.
2, 2857
List the prime factors of 669.
3, 223
List the prime factors of 9305.
5, 1861
List the prime factors of 19454.
2, 71, 137
What are the prime factors of 352?
2, 11
List the prime factors of 26820.
2, 3, 5, 149
List the prime factors of 57262.
2, 28631
List the prime factors of 1802.
2, 17, 53
What are the prime factors of 119?
7, 17
What are the prime factors of 53269?
53269
List the prime factors of 2943.
3, 109
List the prime factors of 1221.
3, 11, 37
What are the prime factors of 15027?
3, 5009
What are the prime factors of 1461?
3, 487
List the prime factors of 2946.
2, 3, 491
List the prime factors of 39780.
2, 3, 5, 13, 17
List the prime factors of 6158.
2, 3079
What are the prime factors of 3843?
3, 7, 61
List the prime factors of 14579.
61, 239
What are the prime factors of 31733?
13, 2441
List the prime factors of 1388.
2, 347
What are the prime factors of 2266?
2, 11, 103
What are the prime factors of 1006?
2, 503
List the prime factors of 52889.
52889
List the prime factors of 27284.
2, 19, 359
What are the prime factors of 65774?
2, 32887
What are the prime factors of 1088?
2, 17
List the prime factors of 438.
2, 3, 73
List the prime factors of 82795.
5, 29, 571
What are the prime factors of 11111?
41, 271
List the prime factors of 7860.
2, 3, 5, 131
List the prime factors of 2162.
2, 23, 47
List the prime factors of 1064.
2, 7, 19
What are the prime factors of 8136?
2, 3, 113
What are the prime factors of 62542?
2, 31271
What are the prime factors of 29253?
3, 7, 199
What are the prime factors of 20898?
2, 3, 43
What are the prime factors of 4271?
4271
List the prime factors of 1820.
2, 5, 7, 13
What are the prime factors of 30738?
2, 3, 47, 109
List the prime factors of 22453.
22453
List the prime factors of 8071.
7, 1153
List the prime factors of 2242.
2, 19, 59
What are the prime factors of 619?
619
List the prime factors of 8864.
2, 277
What are the prime factors of 11161?
11161
List the prime factors of 3445.
5, 13, 53
What are the prime factors of 1798?
2, 29, 31
What are the prime factors of 4078?
2, 2039
List the prime factors of 15361.
15361
List the prime factors of 149879.
67, 2237
What are the prime factors of 26896?
2, 41
List the prime factors of 2007.
3, 223
What are the prime factors of 13385?
5, 2677
What are the prime factors of 796?
2, 199
List the prime factors of 1122.
2, 3, 11, 17
List the prime factors of 79034.
2, 43, 919
What are the prime factors of 6700?
2, 5, 67
List the prime factors of 72288.
2, 3, 251
List the prime factors of 816.
2, 3, 17
What are the prime factors of 685?
5, 137
What are the prime factors of 184?
2, 23
What are the prime factors of 16034?
2, 8017
List the prime factors of 2730.
2, 3, 5, 7, 13
List the prime factors of 406.
2, 7, 29
List the prime factors of 5295.
3, 5, 353
What are the prime factors of 7658?
2, 7, 547
What are the prime factors of 38843?
7, 31, 179
What are the prime factors of 2047?
23, 89
What are the prime factors of 19118?
2, 11, 79
What are the prime factors of 2667?
3, 7, 127
What are the prime factors of 11784?
2, 3, 491
List the prime factors of 11944.
2, 1493
List the prime factors of 64734.
2, 3, 10789
What are the prime factors of 14878?
2, 43, 173
What are the prime factors of 10224?
2, 3, 71
List the prime factors of 15784.
2, 1973
List the prime factors of 92810.
2, 5, 9281
List the prime factors of 5031.
3, 13, 43
What are the prime factors of 982?
2, 491
What are the prime factors of 21378?
2, 3, 7, 509
What are the prime factors of 9570?
2, 3, 5, 11, 29
What are the prime factors of 324?
2, 3
What are the prime factors of 3154?
2, 19, 83
List the prime factors of 15454.
2, 7727
List the prime factors of 3765.
3, 5, 251
List the prime factors of 4075.
5, 163
List the prime factors of 1929.
3, 643
List the prime factors of 2686.
2, 17, 79
List the prime factors of 1013.
1013
List the prime factors of 2107.
7, 43
What are the prime factors of 307?
307
List the prime factors of 1815.
3, 5, 11
What are the prime factors of 70007?
7, 73, 137
List the prime factors of 39212.
2, 9803
What are the prime factors of 1198?
2, 599
What are the prime factors of 646?
2, 17, 19
List the prime factors of 147630.
2, 3, 5, 7, 19, 37
What are the prime factors of 689?
13, 53
List the prime factors of 65813.
11, 31, 193
What are the prime factors of 2400?
2, 3, 5
List the prime factors of 6047.
6047
What are the prime factors of 8160?
2, 3, 5, 17
List the prime factors of 47397.
3, 7, 37, 61
List the prime factors of 61437.
3, 20479
List the prime factors of 15703.
41, 383
List the prime factors of 17159.
17159
What are the prime factors of 1139?
17, 67
List the prime factors of 903.
3, 7, 43
What are the prime factors of 23719?
23719
List the prime factors of 13156.
2, 11, 13, 23
What are the prime factors of 151?
151
What are the prime factors of 10957?
10957
What are the prime factors of 299?
13, 23
What are the prime factors of 83590?
2, 5, 13, 643
What are the prime factors of 248?
2, 31
List the prime factors of 9506.
2, 7, 97
What are the prime factors of 9368?
2, 1171
List the prime factors of 1542.
2, 3, 257
List the